+ 16. Suppose -397 = -6*j - 199. Calculate the remainder when j is divided by s.
9
Suppose -2*b - 4*p = -8, -5*b + p = -2 + 4. Suppose -j = 3*j + l - 74, j - 2*l - 14 = b. Calculate the remainder when 35 is divided by 1/(38/j + -2).
8
Suppose 3*c + n = 918, 3*c - 4*c + 306 = 2*n. What is the remainder when c is divided by 44?
42
Suppose 4*h + h - 40 = 0. Suppose 0 = -2*b + 6*b - h. Suppose b = 2*x, 0 = w + w - x - 9. Calculate the remainder when 14 is divided by w.
4
Let b(t) = 16*t**2 + 1. What is the remainder when b(-1) is divided by (-6)/(2*18/(-12))?
1
Let o = 3 + -2. Let z be (8/(-10))/((-1)/(-10)*4). Let x = o - z. Calculate the remainder when 6 is divided by x.
0
Suppose -2*w + 12 = -2*c - 14, 5*w = -2*c + 30. Let h = w + 1. Suppose 0 = -11*o + 9*o + 30. What is the remainder when o is divided by h?
6
Suppose 0 = -2*a + 10, 2*m - 3*a + 18 - 3 = 0. Let y = -608 + 655. Calculate the remainder when y is divided by 16 - (1 + m - 1).
15
Suppose 7*k + k = -208. Let v = k + 23. Calculate the remainder when (38/(-6))/(1/v) is divided by 5.
4
Suppose 0 = 241*m - 250*m + 99. Calculate the remainder when 45 is divided by m.
1
Let m(z) = z**2 - 26*z + 13. What is the remainder when 33 is divided by m(0)?
7
Let c = -226 - -412. Suppose -4*b + 2*k + 25 = -3*b, -k = 4*b - 64. Calculate the remainder when c is divided by b.
16
Suppose 0 = -5*g + 1189 + 2081. What is the remainder when g is divided by 73?
70
Suppose 0 = -195*k + 513 + 3387. Calculate the remainder when k is divided by -1*1*-2 - -1.
2
Let a(t) = 17*t - 9. What is the remainder when a(5) is divided by (5*78/30)/1?
11
Suppose -2*s - 7 = o, 0 = -3*s + 3*o + o - 16. Suppose -8*r + 24 = -560. What is the remainder when r is divided by (-342)/(-12)*s/(-6)?
16
Suppose -29*r = -34*r + 525. Suppose 4*i - r = i + 5*b, -35 = -i + 5*b. What is the remainder when i is divided by 14?
7
Suppose m = 4*o + 70, 2*o + 15 = 7. What is the remainder when 215 is divided by m?
53
Suppose q + 5*r + 21 = 0, -3*q + 1 = r - 6. Suppose 26 = 2*a + 4*h, 5*a + 0*h - 21 = h. What is the remainder when a is divided by q?
1
Let x = -979 + 1003. What is the remainder when 237 is divided by x?
21
Let c = 917 - 910. Calculate the remainder when 67 is divided by c.
4
Let x(v) = 3*v**2 - 2*v + 1. Let d be x(-2). Let w = d - 10. What is the remainder when w is divided by ((-18)/(-42))/((-1)/(-7))?
1
Suppose -4*y = -4*j + 208, -2*j + 3*y + 6 = -98. Calculate the remainder when 66 is divided by j.
14
Let b = 1125 + -895. What is the remainder when b is divided by 24?
14
Suppose 3*m - 141 = 4*u, 239*m - 238*m = 5*u + 36. Calculate the remainder when 128 is divided by m.
26
Suppose 0*u - 552 = -4*u. Suppose 4*b + y + 4*y = 127, 3*b - 81 = y. Calculate the remainder when u is divided by b.
26
Let j be -2 + 0/2 - -3. Suppose -2*z + 16 = v, -z + 0*v - j = -4*v. What is the remainder when 17 is divided by 6 - z/((-21)/(-6))?
1
Let r = 261 + -252. Let w(x) = 15*x**2 - 1. Let y be w(1). Let m = y - 10. Calculate the remainder when r is divided by m.
1
Suppose 0 = -5*s - 15, -4*a + 6 = -0*a - 2*s. Suppose a = -t + 5*t - 84. Calculate the remainder when 53 is divided by t.
11
Let l(h) = 3*h - 21. Suppose -o = o - 10. Suppose o*t - 148 = 87. What is the remainder when t is divided by l(11)?
11
Let h(q) = 6*q + 90. What is the remainder when h(-14) is divided by (-4)/6 - 32/(-12)?
0
Let g(k) = 6*k - 5. Suppose 35 = 5*a - r, 153*r = a + 150*r - 7. What is the remainder when g(5) is divided by a?
4
Suppose 5*x - 69 = 2*x. Let w(j) = -4*j - 9. Let v be w(-6). Suppose -3*c + v = -0*c. Calculate the remainder when x is divided by c.
3
Suppose 2*n = -x + 47, 5*x + 1 = n - 6. Calculate the remainder when 130 is divided by n.
20
Suppose 8*k + 3080 - 3112 = 0. Calculate the remainder when 58 is divided by k.
2
Let j(f) = f**3 - 7*f**2 - 5*f - 12. Let v be j(7). Let m = v + 86. Calculate the remainder when m is divided by 20.
19
Let o(w) = -w + 4. Let s be o(0). Suppose 5*t = 3*r + 25, 2*r = s*r + 4*t + 2. Let f = r - -18. What is the remainder when 38 is divided by f?
12
Let h = -428 - -459. Calculate the remainder when 59 is divided by h.
28
Suppose -166*y + 666 = -157*y. What is the remainder when 210 is divided by y?
62
Suppose 0 = 4*s - 4, s - 1676 = -6*z + z. What is the remainder when z is divided by 42?
41
Let h(n) = -n**3 - 10*n**2 + n + 12. Let t be h(-10). Suppose -3*a - t = 4. What is the remainder when 57 is divided by ((-3)/(-9))/(a/(-90))?
12
Let f(h) = 5*h + 18. Let u be f(-4). Let g(k) = -k**3 + 5*k**2 - 2*k - 5. Let i be g(4). Calculate the remainder when 92 is divided by (u - -4) + 66/i.
20
Let p = -206 - -416. What is the remainder when p is divided by 37?
25
Let l be 2538/24 + (-9)/12. Let w be (-1 - 0) + l + 3. Suppose -w = -2*u - 15. What is the remainder when u is divided by 12?
10
Suppose 3*m - 5*h = -2*h + 48, 5*m = 3*h + 74. Calculate the remainder when 54/1*4/6 is divided by m.
10
Suppose 7*s - 50 = 2*s. Let f = s + -1. Calculate the remainder when 33 is divided by f.
6
Let l(g) = -g**2 + 56*g - 332. Suppose 3*n - 6*n = -57. What is the remainder when n is divided by l(7)?
8
Let a = 49 + -47. Suppose -2*p + 110 = -a*v, 3*p - 2*v = 116 + 50. Calculate the remainder when p is divided by 12.
8
Suppose 0 = 3*d - 4*f + 5 - 793, 5*d - 1348 = -2*f. What is the remainder when d is divided by 34?
30
Let a be (228/(-16))/(6/(-16)). Let m = a + -19. Calculate the remainder when m is divided by 12.
7
Let m(x) = 2*x**2 + x - 4. Let p be (2/(-3) + -2)/((-2)/3). Suppose 3*v = p*w - 61, -5*w - 6*v + 53 = -2*v. What is the remainder when m(-4) is divided by w?
11
Let t(j) = j**3 + 8*j**2 + 5*j - 11. Calculate the remainder when 118 is divided by t(-6).
25
Suppose 73 = -5*f + 2*a, 4*f + 2*a = 1 - 45. Let b = 17 + f. Calculate the remainder when 4 is divided by b.
0
Suppose 0 = -6*a + a + 315. Suppose -a + 370 = 5*y - q, 0 = -y - 3*q + 71. What is the remainder when y is divided by 13?
10
Let d be 14 + -13 - (0 + -2). Suppose -6*q + d*q + 21 = 0. What is the remainder when 40 is divided by q?
5
Let w(n) = -n**3 + 18*n**2 - 71*n + 25. Calculate the remainder when w(11) is divided by 59.
32
Let l = -37 + 61. What is the remainder when l is divided by (-11)/(-1) - (-5 - -3)?
11
Suppose 6*t = 3*o + 132, -5*o - 65 = -3*t - 4*o. Calculate the remainder when 115 is divided by t.
10
Suppose -5*b + 3*b = 5*j - 6, 0 = 3*b + 6. Suppose z = 3*s - 27, 0 = -j*z + z. What is the remainder when 34 is divided by s?
7
Let c(y) be the first derivative of -y**3/3 - 17*y**2/2 - 5*y - 1. Calculate the remainder when c(-14) is divided by 20.
17
Let x(n) = -2*n + 19. Let f(h) = 2*h**2 + 4*h - 5. Let o be (-2)/(-6) + 13/(-3). What is the remainder when f(o) is divided by x(6)?
4
Calculate the remainder when ((-295)/(-2))/(176/352) is divided by 27.
25
Suppose 3*i + 122 = 4*t, 0*t = t - 5*i - 22. Suppose -w = -t + 9. Suppose -2*f + 7*h = 3*h, -3*f = -2*h - 16. What is the remainder when w is divided by f?
7
Let v be (-130)/40 + 3/(-4). Let h = 26 - v. Calculate the remainder when h is divided by 11.
8
Suppose -4*l = -1196 - 0. What is the remainder when l is divided by 74?
3
Let c be ((-198)/55)/(1/20). Let r = c + 95. Calculate the remainder when 112 is divided by r.
20
Let c = 70 + -34. Suppose 3*r + 3 = 6*r, 0 = 2*i + r + 49. Let u = c + i. Calculate the remainder when 31 is divided by u.
9
Let f(b) = 5*b**3 - 2*b**2 + 18*b - 16. What is the remainder when 309 is divided by f(1)?
4
Let d = 72 + -102. Let u be (d/8)/(9/180). Calculate the remainder when (6 - u)/(1 - 0) is divided by 21.
18
Suppose 32 = -3*j + j. Suppose 15*t + 51*t + 660 = 0. Let r = t - j. Calculate the remainder when r is divided by 2.
0
Let w(v) = v**2 + 16*v - 4. Let q be w(-16). Suppose 4*y + y - 155 = 0. What is the remainder when y is divided by ((-11)/2)/(q/8)?
9
Suppose -73*l + 2457 = -34*l. What is the remainder when l is divided by 5?
3
Let r(b) = b**2 - 17*b - 4. Suppose 3*h = 4*d + 3, d + 24 = -2*d - 5*h. What is the remainder when r(d) is divided by 20?
16
Let k = 135 + -101. What is the remainder when 36 is divided by k?
2
What is the remainder when 3/(-15) + 10514/70 is divided by 20?
10
Suppose -v + 111 = -3*a, -v + 7*a + 101 = 6*a. Suppose -4*l = v - 288. What is the remaind